r when t is divided by 45?
43
Suppose 1 = -f, 341*s + 5*f - 10 = 338*s. What is the remainder when 2108 is divided by s?
3
Let h(x) = 82*x**3 - x**2 + 1. Suppose 38 = 2*w + 8. Suppose 0*u = -4*u + 5*s + 59, -3*s = -w. What is the remainder when h(1) is divided by u?
19
Suppose 4*b = 5*y + 140, -4*y = 2*b - 7*y - 72. Suppose 4*q + 267 = q. Let m = b - q. Calculate the remainder when m is divided by 31.
26
Let h = -293571 - -293612. Let s(x) = 55*x - 4. What is the remainder when s(6) is divided by h?
39
Let y(v) = 122*v + 47. Let b be y(-1). Let c = b - -99. Calculate the remainder when 180 is divided by c.
12
What is the remainder when 921/6 + 10/(-4) + -10 + 13 is divided by 18?
10
Let g = 325 + -124. Let x = -68 + g. What is the remainder when x is divided by 20?
13
Let x be (-3 - -1)/((-21)/((-6636)/8)). Let q = -64 - x. Calculate the remainder when 102 is divided by q.
12
Let k be (-3)/(1 - (-28)/(-16)). Suppose k*u = -n + 70, 3*u = -3*n + n + 50. Calculate the remainder when 34 is divided by u.
16
Let f = 157 - 44. Calculate the remainder when f is divided by (41/(246/(-12)))/(3/(-69)).
21
Suppose 3*d - o = -2*d + 331, 4*d - 5*o - 269 = 0. What is the remainder when 719 is divided by d?
59
Let n(f) = -56*f**3 + 6*f**2 + 6*f - 1. Suppose -40*c - 24 = -16*c. Calculate the remainder when n(c) is divided by 14.
13
Suppose 6 - 20 = -2*t. What is the remainder when -5 + 1 - (56 - 141) is divided by t?
4
Let j = 1512 - 1447. Calculate the remainder when 305 is divided by j.
45
Let d = 57 + -59. Calculate the remainder when ((-142)/(-4))/(d/(-8)) is divided by 16.
14
Let r(s) = 47*s - 11. Let g(y) = -y**2 + 96*y - 22. Let c(v) = -3*g(v) + 5*r(v). What is the remainder when c(19) is divided by 9?
6
Let b = -298 + 430. Let f = 1210 + -1173. What is the remainder when b is divided by f?
21
Suppose -d - 3*q - 20 = -112, 5*q - 173 = -2*d. Let z(k) = -5*k**2 + 3*k. Let a be z(3). Let x = a - -51. Calculate the remainder when d is divided by x.
14
Let k be 459 - -1 - (27 - 2)/(-5). Let u = 786 - k. Calculate the remainder when u is divided by 46.
45
Suppose 4*p = -4*z + 80, -4*z + 20*p = 16*p - 64. What is the remainder when (8 - -4)*29/2 is divided by z?
12
Let r = -6904 + 6910. Let x = 84 - 19. What is the remainder when x is divided by r?
5
Let b = 1771 + -1757. Let y be 10*(-1)/(-2 - -3). Let l = -5 - y. What is the remainder when b is divided by l?
4
Suppose 105 = -107*u + 114*u. What is the remainder when u/(-3)*441/(-15) is divided by 18?
3
Let p(h) = 5*h**2 + 15*h + 13. Let y be p(9). Let t = y - 274. What is the remainder when 4/5 - t/(-45) is divided by 3?
1
Let f(k) = 337*k - 2. Let r be f(1). Let t = 344 - r. Suppose 23 = 2*q + 5*d, -1 = -4*q + d + 4*d. Calculate the remainder when t is divided by q.
1
Let i(f) = 72*f - 3496. What is the remainder when i(108) is divided by 12?
8
Let g(c) = -4*c + 3*c - 8 + 2*c - 3*c. What is the remainder when 123 is divided by g(-35)?
61
Let i(x) = -10*x**2 - 1471*x + 141. Calculate the remainder when i(-147) is divided by 195.
93
Let s be ((-2)/(-5))/((-4)/(-40)*2). Suppose 0*u = 3*u + 4*a - 122, s*u - 73 = -a. What is the remainder when 66 is divided by u?
32
Suppose -13 = -j - j + 5*s, -3*s = 3*j - 9. Suppose -11 - j = -3*b - 2*y, 5*b + 2*y = 21. What is the remainder when 20 is divided by b?
2
Let q(i) = -2226*i - 340569. Let n(s) = 0*s - 2 - s + 7 + s**2. Calculate the remainder when n(5) is divided by q(-153).
7
Let t = 4505 + -4393. Suppose 285 = 5*d + 2*k, -30 = -5*d - 3*k + 255. What is the remainder when t is divided by d?
55
Suppose -5*l + l - 4*p = -92, 2*p = 6. Let q be (42/(-3) - 4)/(-2). Suppose 4 = t - q. Calculate the remainder when l is divided by t.
7
Let z = 0 + 6. Let g(d) = -d**2 - d**3 - 5*d**2 - 7*d + 9 + 15 + 14*d**2. What is the remainder when g(z) is divided by 29?
25
Let q = -25185 + 25288. Calculate the remainder when 2778 is divided by q.
100
Let p be -22 - -17 - (-1 - 49) - 2. Suppose p*h - 16*h = 594. Calculate the remainder when 130 is divided by h.
20
Suppose m - 324 = -8*q + 3*m, -4*m = -24. What is the remainder when 502 is divided by q?
40
Let d be -1 - (-2 + 1 - 110). Let n be 8/96 + 6712/96. Suppose 115*o - n = d*o. Calculate the remainder when 26 is divided by o.
12
Let n(u) = -64 - 8 + 15*u + 3*u - 10*u. Suppose l = 13 + 42. What is the remainder when l is divided by n(10)?
7
Suppose -180 = 3*h - 459. Suppose 1701 - 3133 = -4*l - 2*t, -l - 2*t + 346 = 0. Calculate the remainder when l is divided by h.
83
Suppose -5 = -5*b, -5*f + 8*b - 6*b = -238. Calculate the remainder when (-274 + -4)*(-4)/8 is divided by f.
43
Suppose -4*o + 3*x + 838 - 729 = 0, 4*x = 3*o - 87. Calculate the remainder when 1049 is divided by o.
24
Suppose -142*i = -227*i + 3655. Calculate the remainder when 2593 is divided by i.
13
Let l(h) = 5*h + 19. Let c be l(4). Suppose 3*p = 2*y + 4*p - c, 3*y - 72 = 3*p. Let f = y + 11. Calculate the remainder when f is divided by 17.
15
Suppose 254*u - 389199 = -77033. What is the remainder when u is divided by 23?
10
Suppose 5*l + 6*f - 5958 - 9019 = 0, 5*f = l - 3014. What is the remainder when l is divided by 13?
9
Suppose 50*q - 46*q = -1508. Let g = q - -492. Calculate the remainder when g is divided by 53.
9
Let a(y) = y**2 - 2*y + 8. Let w be a(0). Suppose -35*z + 2079 = -w*z. What is the remainder when z is divided by 20?
17
Suppose 83*h - 15 = 5*n + 87*h, 0 = -h - 5. What is the remainder when 106 is divided by n?
0
Let z(u) = -25*u + 173. Let b be z(7). Calculate the remainder when 94 is divided by (20 - 10) + 12 + (-6)/b.
19
Let z = 19595 - 19502. What is the remainder when 7344 is divided by z?
90
What is the remainder when 12/(-18)*(-582 + -24) is divided by 68?
64
Let i = -493 - -500. Suppose -i*r = 47 - 327. What is the remainder when 73 is divided by r?
33
Suppose -5*w = -3*u - 0*w + 156, u = 2*w + 51. Suppose 249 - u = p. What is the remainder when p is divided by 17 + 3 + (2 - 7)?
12
Suppose 0 = 4*z + 17*v - 15*v - 220, -14*v + 1 = z. Calculate the remainder when z is divided by 2.
1
Suppose 126 = 3*g - 3*c - 108, 2*g - 161 = -3*c. Let i = 119 - g. Suppose p = 73 + i. Calculate the remainder when p is divided by 29.
26
Let d(c) = -c**2 - 16*c - 46. Let r be d(-16). Let a = 36 - r. What is the remainder when 317 is divided by a?
71
Suppose 4*s + 2*v - 226 = 0, 5*v - 5 = -0*v. What is the remainder when 63 is divided by s?
7
What is the remainder when 264 - 277 - (-1099 + 0) is divided by 99?
96
Let w(t) = 5*t**2 + 103*t - 132. Calculate the remainder when w(-26) is divided by 567.
3
Suppose 64 = l + 2*n - 5*n, -172 = -3*l - n. Let h(s) = -s**3 - 2*s**2 + 11*s + 5. What is the remainder when h(-7) is divided by l?
57
Let c = -98 - -121. Let h(t) = t**3 + 9*t**2 - 2*t - 6. Suppose -3*f + 0*f = 2*u + 35, u = -4. What is the remainder when c is divided by h(f)?
11
Calculate the remainder when 261 is divided by (11/33)/(3/666*1).
39
What is the remainder when 5814 is divided by 1 - (-108)/((-162)/(-9))?
4
Let j(n) = -n**3 + n**2 - 9*n - 13. Let m(l) = 2*l**3 + 25*l**2 - 11*l + 23. Let b be m(-13). Calculate the remainder when j(b) is divided by 38.
12
Let n = 945 - 953. Let o(v) = -11*v - 1. Calculate the remainder when o(-2) is divided by n - ((-686)/(-7))/(-7).
3
Suppose 9*k + 119 - 407 = -4*m, 0 = -3*k - 6*m + 180. Calculate the remainder when 2/(-4) + (-422)/(-4) is divided by k.
9
Suppose -2*x = 3*d + 835, -3*x = 5*d - x + 1385. Let t = -101 - d. What is the remainder when t is divided by 45?
39
Let l(r) = -1333*r + 2752. Calculate the remainder when 2593 is divided by l(2).
13
Let o(h) = -8*h + 16. Let u be o(2). Suppose -l + 3*l - c - 100 = u, -3*l + 148 = -c. What is the remainder when l is divided by 10?
8
Let l(h) = h**3 - 50*h**2 - 152*h - 247. Calculate the remainder when l(53) is divided by 39.
7
Suppose 2*o - t = 3*t + 134, 0 = -4*o + 2*t + 274. Let h = o + -46. Let m(a) = 3*a**2 - 38*a - 322. Calculate the remainder when m(-7) is divided by h.
22
Suppose 6*f = 8*f - 6. Let z = -47 - -49. Suppose -h = -5*q + 172, -f*q = z*h - 4*h - 99. What is the remainder when q is divided by 13?
9
Suppose -80*k + 924 = -69*k. Calculate the remainder when k is divided by 39.
6
What is the remainder when 273/637*118321/3 is divided by 147?
